*2 + 0*y**2 + 5*y**2 - 3*y**2 + y - 8*y. Give p(8).
-3
Let u(a) = a**3 - 9*a**2 - 13*a + 32. Let f = 310 - 300. Calculate u(f).
2
Let s(w) = -w**3 - 3*w**2 - w + 4. Let b(q) = 11*q + 41. Let n be b(-4). Give s(n).
7
Let l be 76/(-57)*(-21)/4. Let k(m) be the third derivative of -m**4/12 + m**3 + 5*m**2. Give k(l).
-8
Let g(t) = -t**3 + 25*t**2 + 27*t - 29. Suppose -275 = 22*s - 847. What is g(s)?
-3
Let q(s) be the second derivative of 0*s**2 - 1/3*s**3 + 15*s + 0 - 1/12*s**4. Determine q(-5).
-15
Let t(v) = -4 + 18*v - 34*v + 17*v. Let d(s) = -s**3 - 5*s**2 + 4*s - 9. Let z be d(-6). Suppose z*u = 3*r - u + 2, -u = -5. Calculate t(r).
2
Let y(z) be the first derivative of z**3/3 - 5*z**2/2 + 4*z - 185. Let i(g) = 2*g - 10. Let x be i(7). What is y(x)?
0
Let b(w) = -w**2 - 6*w + 84. Let t(q) = q**2 + 12*q - 154. Let k(y) = 11*b(y) + 6*t(y). Determine k(4).
-56
Let p(t) = 11*t - 3. Let r(b) = -25*b + 5. Let f(u) = 9*p(u) + 4*r(u). Give f(6).
-13
Let o(x) = x**2 - 6*x. Let b be (-6)/4*(-1624)/(-42). Let l = b + 64. Give o(l).
0
Let r(s) = s + 21. Let a be r(-18). Let x(f) = 20*f**3 + 8*f**2 + 2 - 13*f**3 - 6*f**a. Give x(-8).
2
Let r(b) be the second derivative of -1/2*b**3 - 42*b + 0 - 5/2*b**2. What is r(-4)?
7
Suppose -3*c + 52 = -5*t, 2*c + 2*t - 56 = -0*c. Suppose -4*v - 4*b - c = 0, -v - 3*b = -b + 7. Let w = v + 7. Let s(h) = 4*h - 2. Determine s(w).
6
Let u(t) = t**2 + t - 1. Let j = 50 + -55. Let r be j/(-5)*1*-2. What is u(r)?
1
Suppose -2*s + 32 = 2*r, -s + r = 2*s - 52. Let c(f) = s*f - 15*f + 4 + 1. Let v = -5 + 1. Give c(v).
-3
Let d(a) = a**3 - 2*a**2 + 10*a + 7. Let y(j) = 2*j**3 - 3*j**2 + 17*j + 12. Let h(b) = 5*d(b) - 3*y(b). Give h(-1).
0
Let n(w) be the second derivative of 0 - 26*w - w**3 - 1/12*w**4 - 7/2*w**2. What is n(-5)?
-2
Let v(j) = 2*j**2 - j - 5*j**2 + 2*j**2 + 0*j. Let p = 170 - 172. Calculate v(p).
-2
Let r(m) = -m - 7. Suppose 10*d = 3*d + 42. Suppose 2*p = d*p + 12. Give r(p).
-4
Suppose 5*h = -z - 2*z - 24, 4*h = 3*z - 3. Let a(j) = 2*j**2 + 13*j + 27. Give a(z).
6
Let w(t) = -6*t**2 - 9 - 3*t**2 - 34*t**3 + 16*t**3 + t**2 + 8*t + 19*t**3. Calculate w(7).
-2
Let q(u) = u**2 - 19*u - 39. Let z be q(21). Let m(x) = -8 - z*x**2 + 4*x + 0*x**2 + 5 + x**3. Let j be (-10)/(-4) - (-1)/2. Calculate m(j).
9
Let s(p) = p**3 + 7*p**2 + 2 - 7*p - p**2 - 3. Let j = 18 + -14. Suppose -4*r = -j*h - 8, 2*h + 3*r + 29 = -0*h. Give s(h).
-1
Let j be -1 + -1 + 2 + 0. Let n = 1 - j. Let q(c) be the third derivative of -c**5/10 - c**3/6 + 39*c**2. Calculate q(n).
-7
Let w(n) = n**2 - n - 7. Let r = 23 - 21. Suppose -2*z + 3*k - 9 = -0, r*z + 3*k - 9 = 0. Suppose f + 5*f = z. Calculate w(f).
-7
Let u(b) = b**3 + 2*b**2 + 6. Let y(d) = d**3 + 53*d**2 + 49*d - 159. Let q be y(-52). Give u(q).
-3
Let a be 3/(-18) + (-15)/(-20). Let d(b) be the second derivative of a*b**4 + 3*b + 0 - 5/2*b**2 - 1/20*b**5 - b**3. What is d(6)?
-5
Let p be 2/(-7) - 32/(-14). Let k be 1/1*(p - 2). Let y = k + -3. Let l(t) = t**3 + 5*t**2 + 5*t + 3. Determine l(y).
6
Let p be (-1 + -1)*(-1 - 0). Let o(q) = 2*q**p - 3*q**2 + 3*q**2. Let z = -226 + 227. Determine o(z).
2
Let l(c) = c**3 - 11*c**2 - 11*c. Let j be l(12). Let g be (3/(-12))/(-1) + (-51)/j. Let f(o) = -o**2 - 5*o - 2. Determine f(g).
2
Let v(q) = 2*q - 7. Suppose -2*d + 14 = -3*h, -3*d + 3*h = -h - 21. Calculate v(d).
7
Let q(r) = -r**2 - 13*r - 22. Let w(p) = 35*p + 24. Let j be w(-1). What is q(j)?
0
Let x(p) = p**2 + 4*p + 15. Let u be x(-5). Suppose -u = -5*d, d - 2 = -2*o + 6*d. Let n(k) = k - 3. Calculate n(o).
8
Let o(s) be the third derivative of s**5/60 + 7*s**4/24 - s**3/3 - s**2. Suppose 0 = -81*m - 27*m - 756. Determine o(m).
-2
Let b = 41 + -36. Suppose o + 1 = -4*f - 2, -b*o = -f - 27. Let d(a) be the second derivative of a**3/6 + a. What is d(o)?
5
Suppose -5*b = d - 57, -5*b - 5 + 20 = 0. Let u(h) = -d*h**2 + 46*h**2 - h - 5 + h**3 + 0*h. Calculate u(-4).
-1
Let f(d) be the second derivative of -d**4/12 - 2*d**3 - 2*d**2 - 110*d + 2. Calculate f(-9).
23
Let x(v) = v**3 - v**2 + 3*v + 6. Let i be x(-4). Let s = i - -89. Let m(z) = -2*z. Determine m(s).
-6
Let x(c) = -c - 1. Suppose 0*z - 48 = -3*z. Suppose -f + 5*r - z = 0, 5*f + 3*r - 12 = 5*r. What is x(f)?
-5
Let j(k) = 7*k**2 - 3*k + 6. Suppose 184 = 8*v + 48. Let g(c) = 20*c**2 - 8*c + 17. Let p(s) = v*j(s) - 6*g(s). What is p(-5)?
-10
Let z = 32 + -39. Let p(n) = 21 + 5*n - 32 - 6*n**2 + 4*n + 21 - n**3. Give p(z).
-4
Let j(k) be the third derivative of k**4/24 - k**3/3 - 3*k**2. Suppose -p - 12 = -3*r, -5*p = -0*r - 3*r + 24. Let m be (-6)/(-9) + (-14)/r. What is j(m)?
-6
Let u(i) = 5*i**2 - 48*i + 28. Let r(t) = -t**2 + 12*t - 7. Let x(a) = 9*r(a) + 2*u(a). Calculate x(-12).
-7
Let p(a) = -2*a**2 + 87*a - 363. Let v be p(39). Let m(n) = -n**2 - 17*n - 2. Calculate m(v).
58
Let g(h) be the second derivative of 2*h**5/5 - h**3/6 - h**2/2 + 8*h. Let j be 6/(-4)*42/63. Determine g(j).
-8
Let h(z) be the second derivative of z**5/60 + z**4/3 + 7*z**3/6 - 5*z**2/2 + 14*z. Let k(y) be the first derivative of h(y). Calculate k(-7).
0
Let h(y) = -521*y**2 - 20*y + 520*y**2 + 2*y - 13. Calculate h(-17).
4
Let v(w) be the first derivative of -1/2*w**2 - 19 - 9*w. What is v(-8)?
-1
Let t(u) = u**3 + 3*u**2 - 5*u + 2. Let y(q) = q**3 - q**2 - 5*q + 3. Let j be y(3). Suppose -j*l = -5*l - 8. Suppose 5*g - 3*g = -l. Calculate t(g).
6
Suppose -2*p - 2 = -3*p. Let r(f) = 3*f - 3*f - p*f. Let w(t) = t**3 + t**2 - 3*t - 4. Let k be w(0). Determine r(k).
8
Suppose 20*v = 6*v - 154. Let q(h) = -3*h - 8. Let m be 2/8 + (-17)/4. Let c(x) = x + 3. Let w(g) = m*q(g) + v*c(g). What is w(-2)?
-3
Let g = 8 - 15. Let s(t) = -9*t + 5 + 27*t - 8*t - 9*t. Calculate s(g).
-2
Let p(a) be the second derivative of a**5/10 - a**4/3 - a**3/6 + a**2/2 + 96*a + 2. Calculate p(3).
16
Let g be 1/(-3) - (44/(-6) - -3). Let l(m) = 2*m - 4. Let w(y) = 3*y - 4. Let j(o) = g*l(o) - 3*w(o). Calculate j(0).
-4
Let f(z) be the third derivative of 14*z**2 + 0 + 1/24*z**4 - 1/6*z**3 + 0*z + 1/30*z**5. What is f(-2)?
5
Suppose 0 = 31*p - 28*p - 6. Suppose -7*x + p*x - 4*d = 50, -3*x + 2*d = 30. Let z(a) = -a - 24. What is z(x)?
-14
Let p(u) = 7*u + 4. Let d be p(7). Let w(q) = -q**3 + d*q**2 - 3 - 3*q - 53*q**2. Let v be (-1 - -2) + (1 - 4). What is w(v)?
11
Let p(l) be the second derivative of -l**3/3 - 7*l**2/2 + 2*l. Let g be p(-5). Let h = g + 3. Let r(y) = -y**3 + 5*y**2 + 7*y + 1. Calculate r(h).
7
Let k(i) = i**2 + 4. Let f be (1 - 1)*(-5)/15. Calculate k(f).
4
Let f be 8 - 2/(36/135). Let t(p) be the first derivative of -1/3*p**3 + 2*p**4 + 0*p + 3 - f*p**2. Give t(-1).
-8
Let a(u) = 80 + 2*u**2 + 12*u - u**2 - 73. Give a(-12).
7
Let m(a) be the second derivative of a + 2*a**2 - 1/12*a**4 + 5/6*a**3 + 0. Calculate m(6).
-2
Let r(w) = 16*w + 80 - 99 - 13*w. Calculate r(4).
-7
Suppose -15 = 3*c - 2*h, 4*c - 2*h = -4*h - 20. Suppose -4*f = -2*r + 8, 2*r + 5*f - 10 = -2. Let l(a) = 3 + r - 2 + 2*a. Give l(c).
-5
Let t(b) = 0*b**2 - 6*b + b**2 + 7 - 2. Suppose 2*u - 14 = -2*i, -6*u - 10 = -i - 10*u. Calculate t(i).
5
Let j(g) = -g + 1. Suppose 0 = 2*x + 10, 4*x - 16 = -2*n - 48. Let d(i) = -4*i + 7. Let p(b) = n*j(b) + d(b). Let q = -19 - -15. Calculate p(q).
-7
Let x(b) = 1. Let v(s) = 3*s - 8. Let m(c) = -v(c) - 6*x(c). What is m(-3)?
11
Let u(q) = -8 + 2 - 4*q + 0. Let t(d) = -d**3 - 18*d**2 + 22*d + 53. Let w be t(-19). What is u(w)?
10
Suppose -545*z = -555*z - 10. Let d(u) = 25*u**2 - u - 1. Determine d(z).
25
Let s(q) = q**2 + 3*q - 10. Let o = -381 + 375. Give s(o).
8
Let p(g) = 4*g**2 + 3*g - 2 - g**3 + 4*g**2 - 2*g - 3*g**2. Let s = -47 + 52. Determine p(s).
3
Let n(u) = -2*u - 4. Suppose -2*p = p. Suppose -4*g + 7 + 5 = p. Suppose -5*o - 27 = 3*b, g*b + 17 - 2 = -o. What is n(b)?
4
Let l = -65 + 65. Suppose l*a - a - n + 1 = 0, -2*n = -8. Let m(u) = -2*u**2 - 5*u - 2. What is m(a)?
-5
Let a(s) = -s + 1. Suppose 4*x + x + 20 = 0. What is a(x)?
5
Suppose 0 = 4*d - 6 - 6. Let p(h) = 5*h + 4 + h**2 + d*h - h. Suppose 9 = -3*r + 4*y, 5*y + 15 = -0*y. Calculate p(r).
4
Let r(x) = -x + 6. Let b be r(6). Suppose b = 3*a - 3*h - 42, 11 = -a - 4*h - 0*h. Let u(i) = i**3 - 10*i**2 + 8*i + 2. Determine u(a).
-7
Let t(u) = u**3 - 7*u**2 + 11*u - 7. Let a be t(4). Let